onvert -1736034 (base 8) to base 5.
-112210113
432213434 (base 5) to base 9
3406737
Convert 21021121212 (base 3) to base 6.
3023335
54341534 (base 6) to base 9
3031614
-1e7e3 (base 16) to base 10
-124899
What is -55185 (base 9) in base 4?
-20330000
Convert -304077 (base 9) to base 2.
-101011111110100101
94866 (base 12) to base 7
1440555
31682 (base 12) to base 10
64898
-413041022 (base 5) to base 7
-20236341
16742676 (base 9) to base 12
2998913
-871278 (base 10) to base 2
-11010100101101101110
-12f2d6 (base 16) to base 9
-2302403
-1863 (base 15) to base 5
-132033
2222022122 (base 3) to base 15
12538
What is -42353240 (base 6) in base 7?
-13366452
Convert 10120101010210 (base 3) to base 14.
375452
-26b010 (base 13) to base 8
-3450224
What is -2111112022 (base 3) in base 8?
-140115
What is 10110110111111101101011 (base 2) in base 16?
5b7f6b
6a351 (base 14) to base 11
167317
Convert -310dc (base 15) to base 12.
-75b69
Convert 243250132 (base 6) to base 12.
1679948
Convert -3582b7 (base 16) to base 8.
-15301267
What is 43a921 (base 11) in base 16?
ab855
Convert 16355 (base 7) to base 16.
1226
-121212211200010 (base 3) to base 13
-1b21b64
Convert -103212030 (base 4) to base 10.
-80268
-1001002022 (base 3) to base 6
-234442
6299 (base 15) to base 14
784c
Convert 413433022 (base 5) to base 15.
239592
What is 52033014 (base 6) in base 5?
340410123
What is -1d86f0 (base 16) in base 10?
-1935088
23104640 (base 7) to base 10
2018534
What is 4640363 (base 9) in base 11?
146227a
What is 4425ea (base 15) in base 9?
6100484
ca323 (base 15) to base 8
2345646
Convert -1011111011101011111100 (base 2) to base 15.
-41bc75
What is -101101001100011110 (base 2) in base 4?
-231030132
Convert 434232040 (base 6) to base 9.
15544256
24fea (base 16) to base 3
21200212020
Convert -1dc037 (base 15) to base 14.
-29d508
2d85b (base 16) to base 11
1180a9
What is 6137873 (base 10) in base 3?
102112211120122
Convert -120001212100222 (base 3) to base 13.
-1875179
What is -1607206 (base 8) in base 10?
-462470
3a4d30 (base 16) to base 2
1110100100110100110000
What is -598a98 (base 11) in base 9?
-1705682
-1011001000110101111 (base 2) to base 10
-364975
What is 72e076 (base 15) in base 4?
110312002230
-235022 (base 11) to base 3
-200221020212
What is 150325202 (base 7) in base 10?
9939554
What is -14550351 (base 7) in base 11?
-86a666
Convert -41572a (base 15) to base 12.
-1059987
Convert -113523 (base 13) to base 7.
-3314343
Convert 5717081 (base 11) to base 5.
10030243314
10000000111000000 (base 2) to base 12
32228
What is 10111140430 (base 5) in base 9?
21261206
What is 140e87 (base 15) in base 7?
11126566
-322230010310 (base 4) to base 10
-15384884
What is a08dd (base 14) in base 9?
647343
5543414 (base 7) to base 6
22350332
5952861 (base 11) to base 13
21c76a0
Convert -3402413143 (base 5) to base 8.
-34367261
Convert -447354 (base 9) to base 14.
-6d871
What is 54389 (base 11) in base 16?
1348d
Convert 298d2 (base 16) to base 12.
825aa
Convert -4ac140 (base 13) to base 2.
-110110110110011110111
What is -328327 (base 10) in base 15?
-67437
Convert -10a499 (base 11) to base 16.
-2ab69
What is 1126006 (base 7) in base 2?
100010100000001010
-186227 (base 11) to base 16
-45ee4
Convert -3031022122 (base 4) to base 16.
-cd29a
Convert -2846084 (base 10) to base 6.
-141000152
Convert -58334 (base 9) to base 16.
-97ff
Convert 20400030 (base 5) to base 10.
168765
What is -4524620 (base 7) in base 8?
-2107731
10111000010000000001 (base 2) to base 10
754689
-11c49 (base 16) to base 13
-27183
Convert -7835c1 (base 15) to base 11.
-3265640
What is -1020530122 (base 6) in base 5?
-10213233021
Convert 2030414 (base 8) to base 11.
337380
Convert -214055 (base 9) to base 12.
-61a35
What is -1679091 (base 10) in base 13?
-46a35b
What is 102001021111 (base 3) in base 14?
5935a
-13cbd8 (base 15) to base 4
-3221000330
What is -5488518 (base 10) in base 6?
-313345450
Convert -3514072 (base 8) to base 15.
-13d5ee
What is -1110100110000111100111 (base 2) in base 13?
-a3c6c4
What is 284a37 (base 11) in base 7?
3534502
Convert 105502356 (base 7) to base 12.
21a5803
Convert 4425121 (base 6) to base 3.
102020202211
776360 (base 10) to base 9
1412862
-73873 (base 14) to base 13
-99ba2
What is 206099 (base 11) in base 15?
67c81
What is 21104 (base 15) in base 16?
19996
3132410 (base 5) to base 8
146006
-64794a (base 12) to base 13
-438586
What is 30154336 (base 8) in base 16?
60d8de
What is -22103001 (base 6) in base 14?
-13317b
2608 (base 9) to base 5
30302
What is 620371 (base 11) in base 14?
1bcdad
Convert -13958507 (base 10) to base 9.
-28234422
Convert 1448543 (base 9) to base 7.
6541551
-12041215 (base 8) to base 10
-2638477
20e192 (base 16) to base 12
87b06a
What is a61ca1 (base 14) in base 8?
25324625
What is 10b0 (base 16) in base 5?
114042
Convert -23a26 (base 15) to base 6.
-2234113
Convert -1011000011011101 (base 2) to base 9.
-68087
-4123213 (base 5) to base 16
-106ec
Convert 12311333131 (base 4) to base 2.
110110101111111011101
1202121110011 (base 3) to base 12
392371
Convert -2545a0 (base 12) to base 4.
-2110231020
Convert 3122103113 (base 4) to base 8.
3322327
-13323001202 (base 4) to base 12
-841a02
-3324140411 (base 5) to base 15
-984ca6
-5522000 (base 6) to base 13
-98340
200251465 (base 7) to base 8
54120777
-33ab233 (base 12) to base 6
-552505303
-3823 (base 13) to base 9
-11837
Convert 20201120111 (base 3) to base 14.
3634b
Convert -4586385 (base 12) to base 2.
-110010111110111010010101
Convert -4445545 (base 6) to base 8.
-665711
Convert -42301121 (base 5) to base 8.
-1262006
Convert 358b480 (base 12) to base 9.
21482186
What is 1dda6 (base 15) in base 6?
2031433
-116477 (base 10) to base 13
-4102a
Convert 53c5 (base 14) to base 6.
151013
220212200222 (base 3) to base 13
141b60
Convert -4111054 (base 7) to base 4.
-1313223022
Convert -7563054 (base 8) to base 14.
-3a9d92
What is -23370431 (base 8) in base 14?
-96d729
Convert -10760a (base 12) to base 6.
-5340014
What is -409a (base 15) in base 4?
-3111031
-38aa215 (base 11) to base 12
-2321991
-1433421411 (base 5) to base 16
-3a2628
12010110222 (base 3) to base 12
4a508
Convert -2331141 (base 5) to base 15.
-c99b
101001010010110 (base 2) to base 11
14980
-333120233 (base 4) to base 11
-168079
What is 105121310 (base 6) in base 9?
3551606
Convert -9df07 (base 16) to base 13.
-1985c0
What is -20121201021112 (base 3) in base 8?
-15326274
What is -275150 (base 8) in base 2?
-10111101001101000
What is -24350322 (base 6) in base 4?
-2331203222
What is -339505 (base 14) in base 7?
-20624605
-4a649 (base 14) to base 16
-2c849
212102121100 (base 3) to base 2
1110000100101110001
What is 77178 (base 9) in base 14?
1491c
2ba1 (base 13) to base 4
1203300
What is -2221211001012 (base 3) in base 16?
-17f8d3
-2190b (base 12) to base 11
-30491
-1ac9a0 (base 14) to base 2
-11101001100110010000
16200 (base 13) to base 9
63646
Convert -1000111101110101001 (base 2) to base 16.
-47ba9
What is -a18758 (base 12) in base 2?
-1001101000001100110100
Convert -22210001020022 (base 3) to base 9.
-8701208
What is -10153434 (base 7) in base 3?
-1121100221000
What is 1115826 (base 10) in base 15?
170936
Convert 543321424 (base 6) to base 12.
32b0274
-1607c (base 15) to base 5
-4232432
72a2 (base 13) to base 8
36751
-690425 (base 15) to base 16
-4c7d4a
Convert -3804d (base 14) to base 15.
-2aa14
Convert -1306263 (base 7) to base 13.
-5c66a
-22164350 (base 7) to base 11
-1098977
Convert -1201030 (base 6) to base 7.
-350022
Convert -111111101110101000110101 (base 2) to base 3.
-1011102202110111
1614110 (base 8) to base 14
c1640
Convert -10201154 (base 8) to base 15.
-2caea8
What is 2020013232 (base 4) in base 12?
22a7a6
120335 (base 15) to base 13
242099
What is -1806918 (base 10) in base 7?
-21233661
What is 483 (base 15) in base 16?
3ff
Convert -301501242 (base 6) to base 4.
-103203021122
What is -133451310 (base 6) in base 5?
-1142303211
What is ba0729 (base 13) in base 3?
22020001221210
Convert 202102202112 (base 3) to base 11.
255227
Convert 1423153 (base 9) to base 13.
215577
Convert -30a49b9 (base 12) to base 3.
-122021001220020
Convert 153423 (base 6) to base 16.
3ad7
3a43b95 (base 12) to base 16
b006e1
What is -15055230 (base 7) in base 16?
-15c0db
-18020 (b